{"id":211,"date":"2024-12-20T10:12:06","date_gmt":"2024-12-20T10:12:06","guid":{"rendered":"https:\/\/quickhelpalliance.de\/?page_id=211"},"modified":"2024-12-20T10:57:25","modified_gmt":"2024-12-20T10:57:25","slug":"wir-unterstuetzen-kicken-fuer-kinder-e-v","status":"publish","type":"page","link":"https:\/\/quickhelpalliance.de\/index.php\/projekte\/wir-unterstuetzen-kicken-fuer-kinder-e-v\/","title":{"rendered":"Kicken f\u00fcr Kinder e.V."},"content":{"rendered":"\n<p>Vielen Dank an alle unsere Unterst\u00fctzer. Wir k\u00f6nnen einen gro\u00dfen Betrag an <a href=\"https:\/\/www.kicken-f\u00fcr-kinder.de\/\">www.kicken-f\u00fcr-kinder.de<\/a><\/p>\n\n\n\n<p>\u00fcbergeben. J\u00fcrgen Fritz und sein Team von KfK unterst\u00fctzt seit Jahren <a href=\"https:\/\/joma-projekt.org\/\">www.joma-projekt.org\/<\/a><\/p>\n\n\n\n<p>Daher freuen wir uns sehr, mit unserer Spende einen Teil dazu beizutragen, dass dieses ph\u00e4nomenale Projekt weiterhin bestehen bleibt. <\/p>\n","protected":false},"excerpt":{"rendered":"<p>Vielen Dank an alle unsere Unterst\u00fctzer. Wir k\u00f6nnen einen gro\u00dfen Betrag an www.kicken-f\u00fcr-kinder.de \u00fcbergeben. J\u00fcrgen Fritz und sein Team von KfK unterst\u00fctzt seit Jahren www.joma-projekt.org\/ Daher freuen wir uns sehr, mit unserer Spende einen Teil dazu beizutragen, dass dieses ph\u00e4nomenale Projekt weiterhin bestehen bleibt.<\/p>\n","protected":false},"author":1,"featured_media":212,"parent":118,"menu_order":0,"comment_status":"closed","ping_status":"closed","template":"","meta":{"_eb_attr":"","footnotes":""},"class_list":["post-211","page","type-page","status-publish","has-post-thumbnail","hentry"],"_links":{"self":[{"href":"https:\/\/quickhelpalliance.de\/index.php\/wp-json\/wp\/v2\/pages\/211","targetHints":{"allow":["GET"]}}],"collection":[{"href":"https:\/\/quickhelpalliance.de\/index.php\/wp-json\/wp\/v2\/pages"}],"about":[{"href":"https:\/\/quickhelpalliance.de\/index.php\/wp-json\/wp\/v2\/types\/page"}],"author":[{"embeddable":true,"href":"https:\/\/quickhelpalliance.de\/index.php\/wp-json\/wp\/v2\/users\/1"}],"replies":[{"embeddable":true,"href":"https:\/\/quickhelpalliance.de\/index.php\/wp-json\/wp\/v2\/comments?post=211"}],"version-history":[{"count":3,"href":"https:\/\/quickhelpalliance.de\/index.php\/wp-json\/wp\/v2\/pages\/211\/revisions"}],"predecessor-version":[{"id":220,"href":"https:\/\/quickhelpalliance.de\/index.php\/wp-json\/wp\/v2\/pages\/211\/revisions\/220"}],"up":[{"embeddable":true,"href":"https:\/\/quickhelpalliance.de\/index.php\/wp-json\/wp\/v2\/pages\/118"}],"wp:featuredmedia":[{"embeddable":true,"href":"https:\/\/quickhelpalliance.de\/index.php\/wp-json\/wp\/v2\/media\/212"}],"wp:attachment":[{"href":"https:\/\/quickhelpalliance.de\/index.php\/wp-json\/wp\/v2\/media?parent=211"}],"curies":[{"name":"wp","href":"https:\/\/api.w.org\/{rel}","templated":true}]}}